{"version":"1.0","provider_name":"Egy k\u00e1v\u00e9 mellett...","provider_url":"https:\/\/lyrian.cafeblog.hu","author_name":"Lyrian","author_url":"https:\/\/lyrian.cafeblog.hu\/author\/Lyrian-2\/","title":"K\u00ednl\u00f3dom...","html":"Naps\u00fct\u00e9ses sz\u00e9p reggelt mindenkinek!\r\n\r\nNem tudom mi\u00e9rt, de k\u00ednkeserv bel\u00e9pni a blogomba. Hol azt \u00edrj\u00e1k, hogy le vagyok tiltva, hol nincs ilyen-olyan adatom megadva, de az\u00e9rt \u00e9n nem adom fel!!! V\u00e9g\u00fcl csak idejutok, hogy tudjak \u00edrni. :)\r\n\r\nMa a Duna-part megl\u00e1togat\u00e1sa a c\u00e9l. S\u00fct a nap, b\u00e1r kicsit zizgell\u0151s az id\u0151, de mire \u00f6sszekaparjuk magunkat, biztos melegebb lesz. Csal\u00e1dom tagjaival m\u00e1r tegnap nagylovass\u00e1gi k\u00fczdelemmel \u00e9s moh\u00e1csi v\u00e9szes tekintettel siker\u00fclt megbesz\u00e9lnem, hogy a marokk\u00f6veim bizonyos darabjai (b\u00e1r t\u00e9nyleg j\u00f3l fel lehetne \u0151ket haszn\u00e1lni), nem! \u00e9s nem! hozhat\u00f3ak \"kacsak\u0151\"-k\u00e9nt magukkal. Keressenek ink\u00e1bb a parton k\u00f6veket, \u00e9s azzal j\u00e1tszadozzanak. Morogtak, morogtak, de v\u00e9g\u00fcl beleegyeztek. Az\u00e9rt indul\u00e1s el\u0151tt kiforgattatom a zsebeiket, \"biztos ami biztos alapon\".\r\n\r\nMai kis kir\u00e1ndul\u00e1sunk t\u00f6rt\u00e9nete majd holnap l\u00e9szen le\u00edrva. Addig tov\u00e1bbi j\u00f3 t\u00f6ltekez\u00e9st ezen a hossz\u00fa h\u00e9tv\u00e9g\u00e9n mindenkinek! :)\r\n\r\n[caption id=\"attachment_110\" align=\"aligncenter\" width=\"300\" caption=\"Fluorit\"]<a href=\"https:\/\/lyrian.cafeblog.hu\/files\/2012\/03\/DSCF7447.jpg\"><img class=\"size-medium wp-image-110\" src=\"https:\/\/lyrian.cafeblog.hu\/files\/2012\/03\/DSCF7447-300x224.jpg\" alt=\"\" width=\"300\" height=\"224\" \/><\/a>[\/caption]\r\n\r\n[caption id=\"attachment_111\" align=\"aligncenter\" width=\"300\" caption=\"Fluorit, v\u00edzach\u00e1t \u00e9s t\u0171zach\u00e1t \u00f6sszeforrva (hatalmas energi\u00e1k \u00f6rv\u00e9nylenek benne), m\u00e1rv\u00e1ny \u00f3nix\"]<a href=\"https:\/\/lyrian.cafeblog.hu\/files\/2012\/03\/DSCF8409.jpg\"><img class=\"size-medium wp-image-111\" src=\"https:\/\/lyrian.cafeblog.hu\/files\/2012\/03\/DSCF8409-300x208.jpg\" alt=\"\" width=\"300\" height=\"208\" \/><\/a>[\/caption]","type":"rich"}

Egy kávé mellett...

Kínlódom...

Napsütéses szép reggelt mindenkinek!

Nem tudom miért, de kínkeserv belépni a blogomba. Hol azt írják, hogy le vagyok tiltva, hol nincs ilyen-olyan adatom megadva, de azért én nem adom fel!!! Végül csak idejutok, hogy tudjak írni. :)

Ma a Duna-part meglátogatása a cél. Süt a nap, bár kicsit zizgellős az idő, de mire összekaparjuk magunkat, biztos melegebb lesz. Családom tagjaival már tegnap nagylovassági küzdelemmel és mohácsi vészes tekintettel sikerült megbeszélnem, hogy a marokköveim bizonyos darabjai (bár tényleg jól fel lehetne őket használni), nem! és nem! hozhatóak "kacsakő"-ként magukkal. Keressenek inkább a parton köveket, és azzal játszadozzanak. Morogtak, morogtak, de végül beleegyeztek. Azért indulás előtt kiforgattatom a zsebeiket, "biztos ami biztos alapon".

Mai kis kirándulásunk története majd holnap lészen leírva. Addig további jó töltekezést ezen a hosszú hétvégén mindenkinek! :)

[caption id="attachment_110" align="aligncenter" width="300" caption="Fluorit"]<a href="https://lyrian.cafeblog.hu/files/2012/03/DSCF7447.jpg"><img class="size-medium wp-image-110" src="https://lyrian.cafeblog.hu/files/2012/03/DSCF7447-300x224.jpg" alt="" width="300" height="224" /></a>[/caption]

[caption id="attachment_111" align="aligncenter" width="300" caption="Fluorit, vízachát és tűzachát összeforrva (hatalmas energiák örvénylenek benne), márvány ónix"]<a href="https://lyrian.cafeblog.hu/files/2012/03/DSCF8409.jpg"><img class="size-medium wp-image-111" src="https://lyrian.cafeblog.hu/files/2012/03/DSCF8409-300x208.jpg" alt="" width="300" height="208" /></a>[/caption]
